f r?
2
Let s(p) = -60*p - 15. Let w be s(-13). Let f = w + -229. What is the tens digit of f?
3
Let n = -14462 - -26264. What is the tens digit of n?
0
Suppose 23370 = 4*w - 3*o + 8*o, w + 2*o - 5844 = 0. Suppose -369*b = -377*b + w. What is the tens digit of b?
3
Suppose 31*g = 24*g - 28. What is the units digit of (-1977)/(-27) + 3/(54/g)?
3
Let p be 1198/(-12) - (-15)/(-90). What is the units digit of -1*(p - -4)/6?
6
Let w be -3 + 4 + 2 + (-4 - -1). Suppose w = -t + 3, 5*s - 705 = t + 1552. What is the tens digit of s?
5
Let s(z) = -27*z**2 - 36. Let g be s(-6). Let j = -409 - g. What is the hundreds digit of j?
5
Let p(o) = 33*o - 56. Let k(x) = 33*x - 59. Let v(j) = 3*k(j) - 2*p(j). What is the units digit of v(6)?
3
Let c = 5 - 0. Suppose 2*u = 55 - 7. Suppose -b + u = 2*r - 48, b + c*r = 66. What is the units digit of b?
6
Suppose -5*n = 2*y - 9*n - 4712, 4*y - n - 9417 = 0. What is the thousands digit of y?
2
Suppose 0 = -10*y + 5*y + w + 22, 2*y + 4*w = 22. Let t(v) = 24*v + 37. What is the tens digit of t(y)?
5
Suppose 0 = 4*s - q - 52487, s + 10*q - 13138 = 7*q. What is the units digit of s?
3
Let d(y) = 6*y**3 + 7*y**2 - 56*y + 10. What is the tens digit of d(15)?
9
Let n = 139 + -135. Suppose -3*a - 888 = 5*k - 7*k, 4*k = n*a + 1784. What is the units digit of k?
0
Let x(i) = -6591*i**3 + i**2 + 1. What is the hundreds digit of x(-1)?
5
Let b(d) = -471*d + 74. Let c = 970 + -972. What is the hundreds digit of b(c)?
0
Let j = 25277 + -14428. What is the units digit of j?
9
Suppose 4*m = -0 + 24. Suppose -m*l + 149 = -343. What is the tens digit of l?
8
Let v(n) = -15614*n - 361. What is the units digit of v(-1)?
3
Let s = 738 + -200. Let m = 786 - s. What is the hundreds digit of m?
2
Suppose -5*x = -3*z - 340322, 4*z - 58406 = -x + 9617. What is the hundreds digit of x?
0
Let y(t) = -63*t - 187. Let m(h) = 3*h + 34. Let u be m(-13). What is the tens digit of y(u)?
2
Let m = 4221 + -2082. What is the units digit of m?
9
Let b = -4 - -8. Suppose b*t + 287 = 5*t - 2*k, 5*t + 4*k = 1435. What is the tens digit of t?
8
Let y = 2286 + -325. What is the tens digit of y?
6
Suppose 3*a - 2328 = -a. Suppose 228 = 211*o - 209*o. Suppose -o - a = -6*s. What is the units digit of s?
6
What is the hundreds digit of ((-998)/(-4) + 2)/(65/1690) - -5?
5
Let n(c) = -73*c**3 + 10*c**2 - 37*c - 232. What is the units digit of n(-5)?
8
Suppose 0 = 2*u + 3*a - 0*a - 27, 18 = 3*u - 3*a. Suppose -8*q + 14 = -6*q. Suppose q*t - u*t = -148. What is the units digit of t?
4
Let h = -39330 + 55658. What is the tens digit of h?
2
Suppose 56*r - 57*r + 10 = 0. Suppose o + 873 = r*o. Suppose 4*k + 4 = 0, -o = -0*f - f + 5*k. What is the tens digit of f?
9
Suppose 82*d = 94*d - 106896. What is the units digit of d?
8
Suppose -2*i + 1 + 1 = 0. Suppose -38*r - 110 = -93*r. Suppose 153 = r*v + i. What is the units digit of v?
6
Suppose 68*l - 26*l - 180450 = 27*l. What is the hundreds digit of l?
0
Let r = -1752 + 1796. What is the units digit of r?
4
Suppose -90*g + 84*g - 2274 = 0. Let w = g - -688. What is the hundreds digit of w?
3
What is the thousands digit of 0 + 4/6 + 23087190/1305?
7
Let f be (-54)/(-9)*(-4677)/(-18). Let x = f + -2639. What is the tens digit of x/(-27)*(-42)/(-8)?
1
Let f(t) = -t**3 + 27*t**2 - 35*t + 5. Let p be f(25). What is the hundreds digit of -1 - (1 + -711) - p/76?
7
Suppose -3*q - 10*v + 24254 = -3*v, -q + 8088 = 3*v. What is the units digit of q?
3
Let t(s) = -s**2 + 20*s - 88. Let y be t(6). What is the hundreds digit of (-2622)/y - (-7)/14?
6
Suppose 3*d = 15, 4*i + 0*i - 5*d + 77 = 0. Let z(o) = -o**3 - 12*o**2 - 5*o - 29. What is the hundreds digit of z(i)?
2
Suppose -33*w = -39*w + 4938. Let t = 1759 - w. What is the hundreds digit of t?
9
Let j(u) = 2*u**3 + 78*u**2 + 54*u - 144. What is the ten thousands digit of j(-33)?
1
Suppose -l + 5344 = 3*p - 3098, -2*p = -3*l - 5650. What is the thousands digit of p?
2
Suppose 0 = -l + 4, -2*l = -m - 3 - 1. Suppose -4*f = 3*q - 31, m*f = q + 7*f - 2. Suppose -q*u = -25*u + 528. What is the units digit of u?
6
Let z = 8 - -4. Let r(q) = q + 4. Let t be r(z). Let g = t - -25. What is the tens digit of g?
4
Let f(u) = -53*u**3 + 4*u**2 - 5*u + 2. Let b be f(2). Let a = 287 - b. What is the units digit of a?
3
Let u(m) be the second derivative of m**5/20 + m**4/2 - m**3 + 3*m**2 + m. Let j = 1816 + -1811. What is the units digit of u(j)?
1
Let b be (2*(-3)/2)/(1/(-3)). Suppose 16 = -b*u + 1132. What is the units digit of u?
4
Suppose 3*m - 545 + 116 = 0. Let n = 61 + 36. Let c = m - n. What is the units digit of c?
6
Let y be -1 + 0 + 3 - (-3 + -59). Suppose 241 = -5*s - y. Let i = 93 + s. What is the tens digit of i?
3
Suppose -5*d + 9*d - 20 = 0. Suppose 0 = -5*k - 3*b + 493, -339 = -d*k + 2*b + 174. Suppose -3*g + 207 - 57 = -s, 0 = -2*g + s + k. What is the tens digit of g?
4
What is the units digit of (44 - (-2)/(-1))*68528/(-96)*-1?
1
Suppose -2*j - 3*j - 835 = 0. Let w = 207 + j. What is the units digit of w?
0
Let r(y) = 29*y**2 + 9*y - 4. Let h = -299 + 303. What is the units digit of r(h)?
6
Suppose 9*x - 2 - 16 = 0. What is the tens digit of -24 + 99 + (2 - (x + -5))?
8
Suppose -2*n + 2*t = -4*n + 5620, 4*t + 14077 = 5*n. Let g = n + -746. Suppose -10*z = 3*z - g. What is the hundreds digit of z?
1
Let x be (-30)/18*(-18)/5. Let p(n) = n**3 - 6*n**2 - 2*n + 11. Let u be p(x). What is the tens digit of 3*((-222)/9)/u?
7
Let h be 0/(((-4)/(-8))/((65/(-20))/13)). Let r(s) = 11*s**3 + s**2 - s - 3. Let x be r(3). Suppose h = 4*p - 252 - x. What is the units digit of p?
8
Let b = 129 - 125. What is the hundreds digit of ((-5)/b)/(-5) + 4065/12?
3
Suppose -3*q - 13*q = 48. Let z = -195 + 121. Let n = q - z. What is the tens digit of n?
7
Let o = -2382 - -3807. What is the units digit of o?
5
Let x = -91 - -103. Let a(f) = -3*f**2 + 26*f - 19. Let p(d) = 1. Let r(c) = -a(c) - 6*p(c). What is the tens digit of r(x)?
3
Let k = -5299 + 10887. What is the hundreds digit of k?
5
Suppose -30*h - 270 = -35*h. Let a = h - 45. Suppose a*c - 8*c = 35. What is the units digit of c?
5
Let t = 9466 - -506. What is the thousands digit of t?
9
Let x(h) = 18*h - 103. Let a be x(6). Suppose a*t = 11*t - 4164. What is the hundreds digit of t?
6
Suppose 2*k + 2*q + 90 = -398, k - 4*q + 259 = 0. Let o = 246 - k. What is the units digit of o?
3
Suppose 2*s = 13*m - 16*m + 11698, -18 = 3*m. What is the thousands digit of s?
5
Suppose -9*t = -5*t, 3*b + 3*t = 23305 + 4865. What is the hundreds digit of b?
3
Let l(x) = 3*x**2 + 15*x - 42. Let p be l(-9). Suppose p*d - 62*d = 3652. What is the tens digit of d?
1
Let s(l) = 2*l**2 - 21*l + 15. Let p be s(10). Suppose p*j - 5*x = 110, -2*j + 5*j - 70 = 4*x. Suppose 0 = -16*f + j*f - 308. What is the units digit of f?
4
What is the tens digit of (((-39)/24)/((-9)/(-54)))/((-2)/1648)?
3
Let g = 84091 + -49581. What is the thousands digit of g?
4
Let q be (24/(-6) - -6)*6/(-1). What is the tens digit of (39/q)/(2 + 242/(-120))?
9
Suppose -5*m - 5*b - 2 = -7, -2*m + 3*b = -7. Suppose -5*t - 4 - 3 = w, -4*w + m*t = 6. What is the units digit of (-6894)/(-36) + w/(-4)?
2
Let v = 28 - 294. Let d = 385 + v. What is the tens digit of d?
1
Let u be ((-16)/(-12))/((-1)/18*-3). Let g(p) = p + 27*p + 6 - u*p + p**2. What is the units digit of g(-23)?
5
Suppose -7*i + 2*i + 124 = 4*s, -164 = -4*s + 5*i. What is the tens digit of (-159)/((s/(-14))/6)?
7
Let d(m) = -m**2 - 12*m + 113. Let f be d(-18). Suppose 5*g - 15*z = -10*z + 2705, -f*z + 2735 = 5*g. What is the units digit of g?
4
Suppose -4*q = -5*y - 23 - 5, -3*q + 32 = -y. Suppose 0 = -7*u + q + 16. Suppose 6*k + 3*o - 81 = 2*k, -2*k - u*o + 38 = 0. What is the tens digit of k?
2
Let f be 14 - 8*12/16. Suppose -23*b = -f*b - 4365. What is the tens digit of b?
9
Let w(b) = 32*b**2 - 138*b - 2462. What is the ten thousands digit of w(-29)?
2
Let x = -10448 + 36479. What is the units digit of x?
1
Let o(n) be the third derivative of 10*n**4/3 - 49*n**3 - 111*n**2 - n. What is the hundreds digit of o(18)?
1
Suppose 3*w - 2*n - 43 = 3*n, 5*w - 4*n = 63. Let r(o) = 50*o + 144. Let c(g) = -10*g - 29. Let v(m) = w*c(m) + 2*r(m). What is the tens digit of v(-11)?
7
Suppose -3*s + 49 = -0*s - j, 0 = -3*s - 5*j + 25. Let 